 = -r, 5*r = 3*w - f. List the prime factors of w.
2, 5
Suppose -4*c - d = 173, d + 0*d = 4*c + 163. What are the prime factors of 160/3 + (-28)/c?
2, 3
Suppose 5*b = 5*t - 10, -6*t + 4*t - 2 = b. Suppose -2*p + 7 - 15 = 0. What are the prime factors of b/p + (-91)/(-2)?
2, 23
Let y(n) = n**2 - n - 11. Let d = -53 - -58. List the prime factors of y(d).
3
Let m(g) = -2*g**2 - 104*g + 26. What are the prime factors of m(-50)?
2, 113
Let f be (-162)/(-10) + 2/(-10). Let t = -50 - -79. Let d = t - f. List the prime factors of d.
13
Suppose 0 = -12*b + 4*b + 40. Suppose -3*u = b*s - 546, -9*u = -6*u - 2*s - 525. List the prime factors of u.
3, 59
Suppose -h - 5*s - 25 = 0, -2*s - 2*s = 2*h + 20. Suppose h = -4*k + 13 + 151. List the prime factors of k.
41
Let h(s) = -90*s - 9. Suppose 5*g - z + 9 = 0, 0 = -2*g - 0*g - 3*z - 7. What are the prime factors of h(g)?
3, 19
Let y(q) be the first derivative of -q**4/4 + 19*q**3/3 - 6*q**2 - 14*q + 6. List the prime factors of y(18).
2, 47
Let l = -2 - -7. Suppose -3*g - 20 = -c - 2*g, c - l*g - 16 = 0. What are the prime factors of c?
3, 7
Let z(l) be the second derivative of 5*l + 0 - 5/3*l**3 - l**2. What are the prime factors of z(-2)?
2, 3
Suppose -5*t + 5371 = 3*d, -4*d + 2268 = -5*t - 4940. What are the prime factors of d?
3, 599
Let v(q) be the second derivative of -q**5/20 - q**4/3 + q**3/3 - 3*q**2 - 4*q. List the prime factors of v(-5).
3
What are the prime factors of (-3)/10*-8*(-670250)/(-525)?
2, 383
List the prime factors of (0 + 1)/((-38)/(-36404)).
2, 479
Suppose 342 = l + 5*z, 10*l + 2*z - 1422 = 6*l. List the prime factors of l.
3, 7, 17
Let h(r) = r**3 + 14*r**2 + 6*r - 23. List the prime factors of h(-7).
2, 139
What are the prime factors of (21*(-24)/18)/(8/(-556))?
2, 7, 139
Let s be -3 + (2 - (3 + -6)). List the prime factors of 1/s*(85 - -9).
47
Suppose -2*t + 1529 = -1975. What are the prime factors of t?
2, 3, 73
Let p = 20 - -1. Suppose 2*b = 3 + p. List the prime factors of b.
2, 3
Let k = -10 - -6. Let x = 23 + -20. List the prime factors of -2 - (x + k)*6.
2
Let h = 3898 - 1228. What are the prime factors of h?
2, 3, 5, 89
Let r = -75 - -76. List the prime factors of (0 + 1 + r)*(54 + 20).
2, 37
Let j = 124 + -68. Suppose 0 = 2*t + t + 69. Let k = t + j. List the prime factors of k.
3, 11
Suppose h - 12*h = -8459. List the prime factors of h.
769
Suppose -11*o + 5700 = 9*o. List the prime factors of o.
3, 5, 19
Let t = -887 - -3053. What are the prime factors of t?
2, 3, 19
Let a = -1265 - -2809. List the prime factors of a.
2, 193
Let s(v) = -3*v. Let p be s(-1). Suppose 0 = 5*u + p - 28. Suppose -5*q + 15 = 0, -3*w + 13 + 113 = u*q. What are the prime factors of w?
37
Let t(j) = j**3 - 10*j**2 + j - 8. Let g be t(10). Suppose 5*x + 2*y - 382 = 0, -5*y + g = 22. List the prime factors of x.
2, 3, 13
List the prime factors of 3/(-12) - (-8964)/16.
2, 5, 7
Let d(v) = v**2 + 28*v + 185. List the prime factors of d(47).
2, 5, 7, 53
Suppose -2*d + 9 = 3*y - 72, -2*y - 5*d + 54 = 0. Suppose y*x = 21*x + 654. What are the prime factors of x?
109
Suppose -10 = 5*f - 3*f. What are the prime factors of 3 + (f + -1)*-37?
3, 5
What are the prime factors of 7 + 1451 - (-11 + 5 + 5)?
1459
Suppose 16 = 14*v - 10*v. Suppose -h = 4*s - 432, 249 = 3*s - v*h - 56. Let j = -69 + s. What are the prime factors of j?
2, 19
Suppose 9387 = 37*w - 1121. What are the prime factors of w?
2, 71
Suppose 844 = 3*n + 253. What are the prime factors of n?
197
Let x(b) = 4*b**2 + b - 41. List the prime factors of x(5).
2
Let v = 1751 - 641. List the prime factors of v.
2, 3, 5, 37
Suppose -9 = -4*p + p. Suppose p*m + 72 = 2*k, 4*k + 3*m - 140 + 14 = 0. Suppose -k = 2*r - 95. What are the prime factors of r?
31
Let h(b) = 15*b**2 + 19*b + 7. List the prime factors of h(6).
661
Let m be (-2 - -1*22)*2. Suppose 33 = 5*l + 6*z, 5*l - 18 = -z - 0*z. Suppose m = l*x - 92. List the prime factors of x.
2, 11
Let q = -12 + 19. Suppose 2*t - t - l = q, -9 = -2*t + l. Suppose 0 = t*f - n - 82, 0 = -f + 2*f + 2*n - 31. What are the prime factors of f?
3, 13
Let t be ((-3)/6)/(1/(-8)). Suppose -y - 4*w = 20, y + 2*y = t*w - 44. Let u = y - -22. What are the prime factors of u?
2, 3
Let k(j) = -j**2 - 12*j - 11. Let h be k(-10). Let a be h + 3 - (-6 + 3). Suppose g - a + 6 = 0. What are the prime factors of g?
3
Suppose -16*w + 4*w = -24. Suppose z - 3*s - 12 = 2*z, 4*z + 5*s = -13. List the prime factors of 75/(1 + w) + z.
2, 7
List the prime factors of (4/(-6))/(6 - 130200/21699).
2411
Let m = -12 + 92. Let z = -50 + m. List the prime factors of z.
2, 3, 5
Let m(r) = 19*r**2 + 9. Let i be m(3). Suppose 0 = -5*p + i + 600. List the prime factors of p.
2, 3, 13
Let r(g) = 5*g. Let f be r(-13). Let k = -40 - f. Let j = 54 - k. List the prime factors of j.
29
Suppose -5*t + 1078 + 62 = 0. Suppose r = -5*c + 84, 5*c + t = 3*r - r. List the prime factors of r.
2, 13
Suppose -4*h + t + 14990 = 0, -496*h + 493*h + 11246 = t. List the prime factors of h.
2, 937
Let a(w) = 328*w**2 - 2*w - 3. List the prime factors of a(1).
17, 19
Let g be 3/(-1 - 45/(-40)). Let b = 47 + g. List the prime factors of b.
71
Suppose 6*w = 5*w + 667. Suppose 5*y - 273 = w. What are the prime factors of y?
2, 47
What are the prime factors of (-10)/(80/24) + 3576?
3, 397
Let z(m) = -2*m + 15. Let c be z(-6). Suppose 0 = 2*o - 17 - c. What are the prime factors of o?
2, 11
Suppose 3*v - 1 - 5 = 0. List the prime factors of (v + -4 + 1)*-78.
2, 3, 13
Suppose 0 = -2*s - s. Suppose s*y = -2*y - 18. Let c = 61 - y. What are the prime factors of c?
2, 5, 7
Suppose -4*z + 18 = -2*m + 4*m, -5*m = -2*z - 21. Suppose 4*w + 246 = m*b, 5*b - 106 = -w + 120. List the prime factors of b.
2, 23
Let m(p) = p**3 + 6*p**2 - 9*p + 7. Let t be m(-7). Let i = t - 8. What are the prime factors of i?
13
Let g(i) = 35*i**2 - 8. Let n be g(-3). List the prime factors of (16/(-28) - n/14)*-2.
3, 5
Let h be ((0 - 0) + 1)*(-45)/(-9). Suppose h*p - 186 = 84. What are the prime factors of p?
2, 3
Let u = 41 + -36. Suppose 0 = -h - u*c + 47, h + 4*c - 50 = -0*h. List the prime factors of h.
2, 31
Let z be -2*(-15)/(-6) - 2. Let v(r) = r**3 + 17*r + 6*r**2 - 24*r + 12 - 3. What are the prime factors of v(z)?
3
Suppose -k + 12 = k. Let o = k - 1. Suppose -3*v = 3*g - 45, 4*v - 15 - 50 = -o*g. List the prime factors of v.
2, 5
Let l(y) = y**2 - y - 1. Let u(z) = 12*z**2 - 18*z - 15. Let x(w) = 18*l(w) - u(w). List the prime factors of x(-3).
3, 17
Let k = 928 + -379. What are the prime factors of k?
3, 61
Let h be 3*(2 + 87/9). Suppose 0 = -4*l - i + 191, l + 4*i + h = 2*l. List the prime factors of l.
47
Suppose 10*b - 12*b = 0. Suppose 4*s + 2*i + 0*i - 226 = b, 5*i - 25 = 0. List the prime factors of s.
2, 3
Suppose -86*s + 5640 + 294 = 0. Suppose 0 = n - 3*c + 45, 0*n - 90 = 2*n - 2*c. Let r = s + n. List the prime factors of r.
2, 3
What are the prime factors of (-134273)/(-95) + 6/10?
2, 7, 101
Let g(p) = p**2 + 5*p + 2. Suppose -j + 6 = 4. Suppose v - j*v - 5 = 0. What are the prime factors of g(v)?
2
Let a = 1015 - -1881. What are the prime factors of a?
2, 181
Let a(t) = -t**2 - 72*t - 524. What are the prime factors of a(-62)?
2, 3
What are the prime factors of 3 + -1 + 10/((-80)/(-1848))?
233
Suppose -5*i - 24 = -i. Let j be ((-2)/3)/((-4)/i). Let t(o) = 41*o**2 + o. List the prime factors of t(j).
2, 5
Let b(y) = -2*y**3 - 9*y**2 - 7*y - 21. What are the prime factors of b(-8)?
3, 7, 23
Let x(y) = y**3 + 13*y**2 + 4*y - 3. Let z be x(-12). Suppose -83*r + z = -80*r. What are the prime factors of r?
31
Let r be -3*2 - 3/3. Let s be (318/(-10))/(1*1/5). List the prime factors of (r/(-21))/((-1)/s).
53
Let o = -26 - -29. Suppose -r + 77 = -q, o*r - 4 = -2*q + 242. What are the prime factors of r?
2, 5
Let t = -5 - -7. Let w = -237 - -333. Suppose 3*j = 5*s + 13 - 292, t*s = -4*j + w. What are the prime factors of s?
2, 3
List the prime factors of (-9815)/(-39) - 4*1/6.
251
Let q = 74 - 9. Let t = q + -180. Let r = 168 + t. List the prime factors of r.
53
Let a = 2748 + -1994. List the prime factors of a.
2, 13, 29
Let v be 7 + (1 - 3) + 2. Let d(s) = 11*s + v - 26*s + 13*s + 4*s. What are the prime factors of d(14)?
5, 7
Suppose 0 = 2*g - 0*g + 126. Let l be 3/(-12) - g/1